 by 128.
127
Let w(n) be the first derivative of 3*n**2/2 + 63*n + 50. What is the remainder when 117 is divided by w(-13)?
21
Let q = -68 + 72. Suppose 3*u = 2*t, u + 3*u = -q*t. Suppose t = -5*r - 20, -c + r = -2*c. What is the remainder when 10 is divided by c?
2
Calculate the remainder when 1995 is divided by 8/((-53)/((-103721)/38)).
347
Suppose 0 = 9*x - 23 + 5. Suppose -k - 5*z - 157 = 0, -x*k - z = z + 338. Let g = -125 - k. Calculate the remainder when g is divided by 16.
15
Let x(p) = p**3 - 3*p**2 + 10*p - 49. What is the remainder when 2/(-4) + 100/8 is divided by x(4)?
5
Let n be 1/(5 - 6) + -700. Let v = 716 + n. Calculate the remainder when 179/3 + (-2)/3 is divided by v.
14
Let u = -7338 + 7420. What is the remainder when u is divided by 68?
14
Suppose 1086 + 109 + 478 = 7*n. What is the remainder when n is divided by 101?
37
Suppose 0 = -7*j + 10*j + 360. Let d = j - -215. Let i = -279 - -312. What is the remainder when d is divided by i?
29
Let p(b) = b**2 - 2*b - 1. What is the remainder when p(-3) is divided by 301/(-172) + 95/20?
2
Let c(m) = 8*m + 2 - m**3 + 1618*m**2 - 3 - 1 - 1618*m**2. What is the remainder when 116 is divided by c(-4)?
26
Suppose -r - 924 = -2*z - 5*r, -2*z = -3*r - 945. Let b(n) = -3*n**2 - 25*n + 343. What is the remainder when z is divided by b(-15)?
38
Let d(p) = -p. Let t(x) = 1. Let y(u) = -d(u) + t(u). Let l be y(4). Calculate the remainder when 126/(-27) + l - 1016/(-3) is divided by 57.
54
Let l = -8979 - -9006. Calculate the remainder when 6260 is divided by l.
23
Let l(p) = -p + 5*p**2 - 18*p**2 + 71*p**3 + 7*p**2 + 2 + 4*p**2. What is the remainder when 142 is divided by l(1)?
2
Suppose 0 = -4*x + 24, 12*u = 13*u - 4*x - 52. Calculate the remainder when 3338 is divided by u.
70
Suppose v - 12 = -6. Suppose -2*y - 6*y + 40 = 0. Suppose 3*b - 3*i - i - 28 = 0, y*b - 4 = -4*i. What is the remainder when v is divided by b?
2
Suppose 236 + 644 = -20*m. Let k = m - -63. Calculate the remainder when k is divided by 2.
1
Let c = -214 + 208. What is the remainder when (c - -28) + 8/(-2) is divided by (-33)/(-7) - 2/(-7)?
3
What is the remainder when 151 + 28 + (-22 - -13) is divided by 19?
18
Suppose 5*h = -3*n + 211, -h - 1486*n = -1490*n - 10. What is the remainder when 1898 is divided by h?
36
Suppose -2*j = -j - 118. What is the remainder when j is divided by 240/(-6)*(95/20 + -5)?
8
Let z = -202 - -206. What is the remainder when (z/2)/4 - 202/(-4) is divided by 29?
22
Calculate the remainder when 145 is divided by (0 + -2)*((-72)/16 + 1).
5
Let o = 338 + -336. Suppose -l - 5*t = -o*l + 48, t - 112 = -3*l. What is the remainder when 70 is divided by l?
32
Suppose -15*i + 129 + 81 = 0. Let f = i + 18. What is the remainder when 58 is divided by f?
26
Let r be 2/5 - 32/80. Suppose -l + 12 = -0*k + 2*k, k + 2*l - 9 = r. Suppose 43 = 3*z + k*u, z - u = 14 - 5. Calculate the remainder when 53 is divided by z.
9
Let y(m) = -2*m + 4. Let v be y(-1). Suppose 2*x - 118 = 4*z, v*x - x + 2*z - 295 = 0. Let h = 6 + 14. What is the remainder when x is divided by h?
19
Let l(d) = 10 + 39 + 12*d + 54. Calculate the remainder when 88 is divided by l(-6).
26
Suppose 1962 = 5*v + 1952, r - 5*v - 106 = 0. Calculate the remainder when 189 is divided by r.
73
Let m = -9345 - -11328. Calculate the remainder when m is divided by 280.
23
Let l be 2*5/(-10) + 3 + 60. Suppose 2*y = -p + l, 5*p - 32 - 8 = -y. Calculate the remainder when 117 is divided by y.
27
Let w be -1*(3 + 0 - 5). Let v be (w*-2)/(2 - 4). Suppose -d = -2*q + 2*d + 149, v*q - 150 = 4*d. What is the remainder when q is divided by 25?
23
Let x be -3 + 3 + 2 - (1 - -1). Suppose -4*t + 45 - 25 = x. What is the remainder when (67/t)/((-4)/(-20)) is divided by 23?
21
Suppose -o - 625 = -2*p - 148, 2*p - 472 = 2*o. Calculate the remainder when p is divided by 72.
25
Suppose 3*a - 12369 = -12*a - 4*a. Calculate the remainder when a is divided by 40.
11
Let j(p) = 37*p - 21. Let r be j(3). Suppose -5*o + 5 = 0, -9*m + 3*o = -6*m - r. What is the remainder when m is divided by 19?
12
Suppose 8*p - 369 = 219 - 28. What is the remainder when 484 is divided by p?
64
Let x = -42 - -20. Let h = -10 - x. Suppose -h - 18 = -g. Calculate the remainder when 119 is divided by g.
29
Suppose 0 = 4*m - 2*q - 70, 4*m + 0*q - 79 = -q. Suppose m*x - 9*x - 480 = 0. Let s = 30 + -20. Calculate the remainder when x is divided by s.
8
Suppose -4*l = 8, 4*h + 0*l - 1488 = 4*l. Let j = -217 + h. What is the remainder when j is divided by 22?
21
Suppose -671 = 93*y - 3342 - 1328. Suppose 2*o + 16 - 172 = 0. Suppose -o = -3*c + 435. What is the remainder when c is divided by y?
42
Let m be -8 - 0/(-1*(-1)/(-1)). Let i be (m/10)/(2/385). Let d = -105 - i. Calculate the remainder when 95 is divided by d.
46
Suppose 2*m + 159 = 5*b, 0 = -3*m + 19 - 25. Suppose -5*x + 0*x - 1071 = -4*k, 5*k + 4*x - 1308 = 0. What is the remainder when k is divided by b?
16
Suppose -4*v + 2 + 2 = 5*a, 20 = -5*v. Suppose -3*u - 5*r + 28 = 0, u - 2*r + a = -r. What is the remainder when 109 is divided by (96 + -9)*u/3?
22
Suppose -4*w + 3*i + 17 = 4*i, w - 4*i = 17. Suppose 3*s - 75 = -5*v, -5*v + v = -w*s + 88. What is the remainder when (-5 - -2) + 0 + -2 + 83 is divided by s?
18
Suppose -8*x + 20*x = 72. Let w(v) = 8*v + 29. What is the remainder when w(x) is divided by 13?
12
Let b(s) be the first derivative of 4*s**2 - 55*s + 172. What is the remainder when 117 is divided by b(14)?
3
Suppose 2*p + 0*r + 5*r = 317, 2*p - 327 = 5*r. Suppose 335 = 16*g - p. What is the remainder when g is divided by 15?
1
Let h = -5023 - -10474. Calculate the remainder when h is divided by 116.
115
Calculate the remainder when -746*1/(-2) - -3*40/30 is divided by 107.
56
Suppose 0 - 5 = -4*z + b, z + 1 = b. Let h = 6 + -4. Suppose 39 = h*x + 3*d, -5*d - 11 = z*x - 5*x. What is the remainder when 69 is divided by x?
9
Let a be 557 + 13/((-13)/4). Let j = a + -546. What is the remainder when 82 is divided by j?
5
Suppose -264*z - 63*z = -52647. Calculate the remainder when 497 is divided by z.
14
Let g be 63/(-28)*1936/6 + 0. Let u be ((-2)/4)/(g/(-732) + -1). Suppose 2*j - u = 95. Calculate the remainder when j is divided by 16.
14
Suppose -6216 = 39*w + 3183. Let r = -184 - w. What is the remainder when r is divided by 39?
18
Suppose -2*u = 4*n - 184, -u + 34*n - 32*n = -116. Calculate the remainder when 143 is divided by u.
39
Let c(x) = -x**2 - 143*x + 4486. Calculate the remainder when c(26) is divided by 44.
4
Suppose 39*m + 52*m = -30*m + 2057. Let i(o) = 13*o + 6. Let n be (4 + -5)/((-2)/12). What is the remainder when i(n) is divided by m?
16
Let m = 141 - 79. Suppose 4*r + m = 342. Suppose 0 = -q - 4, 0*h - q = -3*h + 40. What is the remainder when r is divided by h?
10
Suppose -30 = -5*b - 5*x, -9*b + 6*b + 20 = 5*x. Suppose -3*v = -5*v - j + 10, 0 = -4*v - b*j + 8. What is the remainder when 109 is divided by v?
4
Let u(v) = -v**3 - v**2 - 4. What is the remainder when (-1 - (-15)/9) + (-5175)/(-135) is divided by u(-3)?
11
Let t = -5578 + 5666. Calculate the remainder when 436 is divided by t.
84
Let x(a) = 273*a - 931. What is the remainder when x(5) is divided by 27?
2
Suppose 144*b + 179*b - 53295 = 0. Suppose 0 = 4*o - 2*o - 114. What is the remainder when b is divided by o?
51
Let r(k) = 4*k**2 - 29*k - 1. Let p be r(-15). Let f be p/29 - ((-2 - 0) + -1). Suppose -f - 6 = -5*i. What is the remainder when 85 is divided by i?
8
Suppose -1683 = -3*c + 2*p, 4*c - 571 = 3*c + 4*p. Calculate the remainder when c is divided by 90.
19
Let r(d) = 21*d + 133. Let u(a) = 23*a + 86. Let g be u(-4). What is the remainder when 41 is divided by r(g)?
6
Suppose l + 2*l = -2*n + 24, -4*n - l = -68. What is the remainder when 8779 is divided by n?
13
Let d = -6 + 6. Suppose 0 = 4*q + 4*b - d*b - 32, 0 = -4*b + 8. What is the remainder when 47 is divided by (-3)/q + (-33)/(-2)?
15
Let x be (2/5 - 1) + (-3827)/(-445). Suppose x*z - 70 = 418. Calculate the remainder when z is divided by 53.
8
Calculate the remainder when 9312 is divided by (-834)/(-8)*68/51.
138
Let q = 217 + -225. Let l(o) = 12*o**2 + 92*o + 3. Calculate the remainder when l(q) is divided by 33.
2
Let k = -44 - -89. Suppose -10*c + k = -5*c. Calculate t